is -103303123 (base 4) in base 10?
-81115
What is -110492d (base 14) in base 9?
-16174774
-8581468 (base 9) to base 12
-165a308
Convert 104212a (base 12) to base 16.
2ee232
Convert -15375cb (base 13) to base 6.
-401233352
Convert -3c781 (base 14) to base 11.
-a2496
Convert 1100112133 (base 4) to base 11.
2052aa
What is 102211210211202 (base 3) in base 15?
8451d5
What is -13012211202 (base 4) in base 14?
-3667d0
Convert -18bb25 (base 16) to base 2.
-110001011101100100101
What is 20a9c9 (base 13) in base 6?
24231230
7201404 (base 10) to base 13
1651ab2
-3953748 (base 10) to base 12
-13a8070
Convert -132232000 (base 5) to base 10.
-664625
What is -595079 (base 10) in base 8?
-2212207
-33043004 (base 5) to base 16
-455e1
Convert 492b6 (base 12) to base 5.
11131142
Convert 45642 (base 9) to base 3.
1112201102
Convert -53551231 (base 6) to base 2.
-110000011000010100011
What is 12000100022 (base 3) in base 9?
160308
-1214140 (base 6) to base 4
-33232230
2a57b4 (base 12) to base 6
23153144
Convert -1012020220112 (base 3) to base 5.
-130304032
281242 (base 14) to base 13
396c26
-a7b6e9 (base 16) to base 4
-221323123221
1252560 (base 8) to base 6
11254144
What is 54758 (base 16) in base 11?
216a05
What is -502544 (base 9) in base 2?
-1001000100010111100
Convert -17b2321 (base 12) to base 10.
-4959817
Convert 10010000010010100000011 (base 2) to base 15.
635d97
-94479 (base 10) to base 14
-26607
What is -44a72 (base 13) in base 7?
-1026615
221333323 (base 4) to base 14
46999
-4223120103 (base 5) to base 2
-100001100100101111111110
What is 132821 (base 9) in base 10?
80857
-21d93 (base 14) to base 5
-10113003
Convert 7dbb4 (base 14) to base 16.
4aed2
43644 (base 15) to base 16
34417
-72243 (base 11) to base 7
-616254
What is -153470 (base 15) in base 10?
-1023630
Convert 95061 (base 10) to base 11.
6546a
What is -10001100001100111 (base 2) in base 16?
-11867
Convert -3275718 (base 10) to base 16.
-31fbc6
Convert -120132312202 (base 4) to base 10.
-6417826
What is 12133103 (base 5) in base 7?
655426
What is 1121212302 (base 4) in base 16?
599b2
What is 1111111011010101110 (base 2) in base 8?
1773256
Convert 43dd6 (base 16) to base 2.
1000011110111010110
Convert -2211210000 (base 3) to base 10.
-55971
-10101200221 (base 3) to base 14
-1a510
-95aa59 (base 11) to base 10
-1537248
What is -4510032 (base 8) in base 11?
-761004
10353431 (base 7) to base 4
3120212300
Convert ab809 (base 13) to base 7.
2434052
What is 621301 (base 9) in base 13?
cb8a8
What is 414432412 (base 5) in base 12?
6aa169
200223224 (base 6) to base 12
116ab14
Convert 2574810 (base 9) to base 5.
330021002
What is 637748 (base 9) in base 7?
3140654
Convert -122110123113 (base 4) to base 8.
-32243327
262021 (base 11) to base 15
823dd
1201210121201 (base 3) to base 9
1653551
Convert -488214 (base 9) to base 3.
-112222020111
Convert 142440014 (base 5) to base 2.
10110110111101001000
What is 27102 (base 10) in base 5?
1331402
Convert -32313131332 (base 4) to base 15.
-51eae4
255656536 (base 7) to base 16
f97e13
Convert 20012010212 (base 3) to base 8.
355767
Convert -104401111 (base 5) to base 3.
-212122221011
What is -17742311 (base 9) in base 5?
-4242204404
ab471 (base 14) to base 3
210002120210
Convert 31110331031 (base 4) to base 2.
1101010100111101001101
Convert -20311100 (base 4) to base 13.
-1360a
310ef (base 16) to base 15
3e813
211111001012 (base 3) to base 15
8b1c5
What is -1201120110 (base 3) in base 8?
-102237
-22863 (base 13) to base 15
-139b9
Convert -100113103201 (base 4) to base 5.
-2044233021
Convert -306433 (base 7) to base 15.
-10934
a0211 (base 16) to base 8
2401021
Convert 100303021 (base 5) to base 11.
2538a8
-100001100011010001100 (base 2) to base 8
-4143214
What is 4ac39c (base 14) in base 15?
35b340
Convert -5b458 (base 16) to base 10.
-373848
Convert 2638349 (base 10) to base 13.
714b6c
What is -11536402 (base 9) in base 15?
-764528
122163600 (base 7) to base 11
4375985
Convert 321203 (base 6) to base 5.
1314321
-221001201 (base 4) to base 11
-105278
-1b8e8 (base 16) to base 15
-2369c
Convert -6f17e9 (base 16) to base 9.
-14626114
11010102101211 (base 3) to base 14
41135a
What is 1817590 (base 12) in base 2?
10011000111001101111100
Convert -4313114 (base 6) to base 16.
-33be6
Convert 1321743 (base 8) to base 11.
232792
What is 103774 (base 8) in base 5?
2103222
Convert 2459451 (base 12) to base 5.
3303242130
What is c2b2eb (base 16) in base 4?
300223023223
-d291f (base 16) to base 4
-3102210133
Convert 10110001000100101111101 (base 2) to base 11.
3303448
What is -ab3722 (base 13) in base 12?
-142701b
Convert -246421 (base 10) to base 7.
-2044300
Convert -101001011111010010001 (base 2) to base 16.
-14be91
Convert 31ab25 (base 12) to base 2.
10111111111011001101
Convert -38648 (base 11) to base 10.
-55349
Convert -1131055 (base 10) to base 13.
-307a83
28133d0 (base 14) to base 4
1022002202322
12312124 (base 6) to base 7
3246250
Convert 23413530 (base 6) to base 15.
e7326
-20203 (base 4) to base 8
-1043
What is -4580207 (base 11) in base 2?
-11110100011010010101100
Convert -333143 (base 5) to base 8.
-26631
7cd5 (base 16) to base 2
111110011010101
-312350 (base 9) to base 5
-21413304
1602042 (base 11) to base 4
22131011133
-201410101 (base 6) to base 7
-41140162
-261804 (base 11) to base 8
-1445133
What is 21533214 (base 7) in base 10?
1857111
What is -578984 (base 11) in base 4?
-3200200103
Convert 15172004 (base 8) to base 6.
202214220
Convert 545080 (base 11) to base 6.
30354214
Convert 31220220 (base 4) to base 9.
84543
Convert 100451c (base 13) to base 3.
100002201101102
What is 8b706 (base 12) in base 16?
2d636
1b0b (base 15) to base 6
43045
Convert 123250360 (base 7) to base 4.
131302321102
What is -6838b2 (base 13) in base 7?
-26642435
Convert 1a83875 (base 11) to base 6.
203035202
What is -13022023212 (base 4) in base 16?
-1ca2e6
Convert 3233310244 (base 5) to base 15.
91dd9e
Convert 81c361 (base 13) to base 3.
12200201200201
Convert 3378581 (base 9) to base 8.
6751733
Convert -22020021011121 (base 3) to base 9.
-8207147
Convert 32524415 (base 6) to base 15.
14410b
Convert 5c79a5 (base 15) to base 5.
2113231210
b53eb (base 16) to base 5
142224004
What is -193392 (base 11) in base 8?
-1104475
What is 1001132132 (base 4) in base 16?
4179e
-6c45c6 (base 13) to base 2
-1001110101111100111101
Convert 547170 (base 8) to base 3.
100100022011
What is -81109 (base 12) in base 8?
-507531
Convert 21154415 (base 6) to base 15.
c4388
Convert -4441a5 (base 15) to base 2.
-1100011010011001111000
Convert 208320 (base 13) to base 6.
24145423
Convert 631637 (base 11) to base 10.
1012326
What is -b1c353 (base 13) in base 3?
-21210022122002
What is -5214ba (base 14) in base 15?
-39a97e
-24e36 (base 15) to base 11
-80689
What is -122285 (base 14) in base 12?
-25b211
-d63cd9 (base 14) to base 6
-415010011
-24685763 (base 9) to base 12
-4077aa9
-159003 (base 10) to base 14
-41d35
Convert -3053005 (base 6) to base 11.
-a0579
What is 202202020211 (base 3) in base 9?
682224
Convert -6d516 (base 16) to base 10.
-447766
1033213300 (base 5) to base 8
10432244
-221220221001 (base 3) to base 8
-1744447
Convert 4911 (base 10) to base 9.
6656
-f9c0a (base 16) to base 4
-3321300022
Convert -1166357 (base 8) to base 7.
-2513051
Convert a4ab4 (base 13) to base 16.
4852b
Convert -14746635 (base 8) to base 13.
-91b37a
What is 1210413223 (base 5) in base 9?
5276560
What is 43112514 (base 7) in base 5?
1414323034
Convert -10a24 (base 13) to base 6.
-352105
-56a983 (base 13) to base 2
-111110100110101100101
-2111243 (base 7) to base 12
-103682
Convert -237584 (base 9) to base 14.
-3a365
2568 (base 16) to base 9
14120
What is -10000100110111101011100 (base 2) in base 3?
-22012012101222
What is -7b0473 (base 15) in base 9?
-12041840
100001010100011101011 (base 2) to base 16
10a8eb
What is 31221 (base 13) in base 4?
111202311
-100120112122 (base 3) to base 8
-560075
Convert -213121133 (base 4) to base 6.
-3243035
What is 1002202120220220 (base 3) in base 4?
330111211200
8754c (base 14) to base 11
204134
Convert -3010313133 (base 4) to base 8.
-3046737
-2282053 (base 9) to base 4
-10231200132
What is -355535520 (base 6) in base 11?
-3877797
-6522 (base 14) to base 10
-17474
445045 (base 6) to base 3
1220